t s be 3 + (1 - 3) + r. What is the greatest common divisor of s and 4?
4
Let x(u) = 14*u**2 + 4*u - 1. Let m be x(2). Let d be (1 - 28)/((-51)/34). What is the highest common divisor of d and m?
9
Suppose -4*x + h = 6*h - 1162, 0 = -3*x + 5*h + 854. Suppose -44*r + 53*r = 288. What is the greatest common divisor of r and x?
32
Let x(y) = y**2 + 9*y + 12. Let f be x(-8). Suppose 3*r - i = 20, 3*r - 28 = f*i - 2. Calculate the greatest common divisor of 8 and r.
2
Let b(f) = f**3 - 16*f**2 + 50*f + 10. Let k be b(15). Calculate the greatest common factor of k and 5.
5
Suppose 8*u = -2*t + 20, -10 - 10 = -2*t + 3*u. What is the greatest common divisor of 115 and t?
5
Suppose -5*b - 14 = 2*a - 149, 5*b + 215 = 3*a. Suppose -y + a = y. What is the highest common factor of y and 315?
35
Let q = -3403 - -5041. Calculate the highest common divisor of q and 26.
26
Let f = 29 + 17. Let a be 2 - 6 - (6 - f). What is the greatest common divisor of a and 60?
12
Let z = -31 - -20. Let v = z + 16. Suppose -8*r + 8 = -4*r, -175 = -3*s - v*r. Calculate the highest common factor of s and 5.
5
Let y = -129 + 219. Let l(o) = -o**3 - 22*o**2 + 37*o + 1248. Let x be l(-21). Calculate the greatest common factor of y and x.
30
Suppose 2*n - 416 = -5*d, -3*d + d - 5*n + 158 = 0. Let l(b) = -b + 8. Let x be l(-4). Calculate the highest common factor of d and x.
12
Suppose 4*l - 5*p - 187 = 0, 0*p + 5 = 5*p. Calculate the highest common factor of l and 32.
16
Let r be -1*(1 - (7 + 2)). Suppose 0 = 3*y - 3 - 3. Let m = y + 54. Calculate the highest common factor of m and r.
8
Suppose -187*m + 104*m = -8134. What is the highest common divisor of m and 56?
14
Let k = -1160 + 1536. Calculate the highest common factor of k and 47.
47
Let l(d) be the first derivative of -d**3/3 + 17*d**2/2 + 22*d - 1. Let h be l(18). Let m be (2 - 1) + 0/2. What is the highest common factor of m and h?
1
Let x = 29 - 26. Suppose 4*o - 114 = -x*u, o - 4*u + 143 = 6*o. Calculate the highest common divisor of o and 216.
27
Let c(l) = -10*l - 3. Let j be c(-4). Suppose 32*m - 1147 = m. What is the greatest common divisor of m and j?
37
Let a be -90*(-5 + 65/15). What is the highest common factor of 24 and a?
12
Suppose -3*f - 6 - 8 = 5*y, -y - 10 = -3*f. Let l = 2 + 3. Calculate the highest common factor of f and l.
1
Suppose -2*p - 2*p - 2 = -u, -u + p + 17 = 0. Let n = 7 - u. Let j be 20/16 + n/(-20). What is the highest common divisor of j and 1?
1
Suppose -5*h + 10*z - 6*z + 1038 = 0, 0 = 4*z - 12. What is the highest common factor of 390 and h?
30
Let o(q) = -q**3 + 3*q**2 + 11*q - 3. Let s be o(5). Suppose 28 = 2*n - s*a, 2*n - a = -6*a. Calculate the highest common factor of 70 and n.
10
Suppose -5*r + 625 + 25 = 0. What is the greatest common divisor of 60 and r?
10
Let l = 15 + -55. Let w = l - -48. Let o = 4 - 3. What is the greatest common factor of o and w?
1
Let y be (684/(-570))/(1/(-140)). Calculate the greatest common divisor of y and 728.
56
Suppose -4*c + 13 = -11. Suppose -n + 46 = 2*p, -2*n + 7*p + 97 = 6*p. Calculate the greatest common divisor of c and n.
6
Suppose -n = -77 - 76. Calculate the highest common divisor of n and 9.
9
Suppose -4*o - 5*g + 325 = 0, g = -4*o + 76 + 229. What is the highest common divisor of 105 and o?
15
Let w = -118 + 122. Calculate the highest common factor of 60 and w.
4
Let t(y) = -y**3 + 7*y**2 - 6*y + 1. Let v be t(8). Let x = 186 + v. Calculate the highest common factor of 15 and x.
15
Let w(n) be the first derivative of 4*n**3/3 + 3*n**2/2 + 3. Let l be w(-5). Calculate the highest common divisor of l and 5.
5
Suppose -164 - 12 = -8*c. Let u(s) = s**2 + 3*s - 6. Let j be u(-7). What is the greatest common divisor of j and c?
22
Let d(j) = 32*j**2 - 5. Let w be d(2). Let b = -81 + w. Calculate the greatest common factor of 28 and b.
14
Suppose 6*g = 11*g - 305. What is the greatest common divisor of g and 305?
61
Suppose -270 = -17*a - 28*a. What is the highest common divisor of a and 318?
6
Let r = 1849 - 1828. Suppose 174 = 5*t + s, 0*t + 4*t - 144 = 4*s. Let h = 119 - t. What is the highest common divisor of r and h?
21
Let t(h) = 5*h + 15. Let i be t(-3). Suppose -207 = -3*l - 2*n - 2*n, i = l - n - 62. Calculate the greatest common divisor of 26 and l.
13
Suppose -2*x = -x - 4. Suppose x*d - 602 - 422 = 0. Let r = -151 + d. Calculate the highest common divisor of r and 15.
15
Let u(a) = -31*a + 2. Let p(y) = 32*y - 3. Let s(i) = 2*p(i) + 3*u(i). Let l be s(-5). What is the highest common factor of 58 and l?
29
Suppose -4*x - 3 = -0*h - h, -h + x = -3. Suppose -3*l - 2 = 5*a - 41, h*a - 23 = -2*l. What is the highest common factor of a and 117?
9
Let i = 195 + -100. Suppose -19*s + 169 + 553 = 0. What is the greatest common factor of i and s?
19
Let n = 59 - 33. Suppose 2*m + 520 = 7*m. What is the highest common factor of m and n?
26
Suppose -328 - 318 = -4*a - 3*q, -3*a = q - 482. What is the highest common divisor of a and 120?
40
Let v(k) = -5*k**2 + 2*k + 2. Let w be v(4). Let a be (-6)/(-14) + (-880)/w. What is the highest common factor of 143 and a?
13
Let i(n) = 2. Let b(x) = -x + 13. Let q(y) = b(y) - 4*i(y). Let j = 3 + -8. Let r be q(j). Calculate the highest common factor of r and 2.
2
Let q = 10 - 10. Suppose q = 7*p - 5 - 23. Suppose 0 = l - 10 - 0. Calculate the highest common factor of p and l.
2
Let k(n) = -n**2 + 11*n + 38. Let r be k(13). What is the greatest common factor of 120 and r?
12
Let g = -22 + 67. Calculate the greatest common divisor of g and 30.
15
Let y = 70 - 70. Suppose u + 51 = 4*k - 4, y = 5*k - 4*u - 55. What is the greatest common divisor of k and 165?
15
Let r = 599 - 343. Suppose -4*c - 4 - 4 = 4*b, 5*c = -2*b - 7. Let k be b + 6/4 + 1197/38. Calculate the greatest common divisor of k and r.
32
Let p = 158 - 98. Let o = 2129 - 2117. What is the greatest common factor of p and o?
12
Let w(a) = 24*a**2 + 20*a + 67. Let o be w(-4). Calculate the highest common divisor of o and 106.
53
Let s = 508 - 404. What is the greatest common factor of 780 and s?
52
Let g be 3*10*(-150)/(-45). Calculate the highest common divisor of g and 50.
50
Let p be 45/2*10*6/45. What is the greatest common divisor of 340 and p?
10
Let r(s) = -s**3 + 8*s**2 + 9*s + 19. Suppose -99 = -4*t - 7*t. Let f be r(t). Calculate the greatest common divisor of 152 and f.
19
Let o(m) = 6*m + 6. Let v be o(5). Suppose -i + v = i. Suppose 2*n = -8, 21*a - 25*a - 3*n = -348. Calculate the greatest common divisor of a and i.
18
Suppose a - 13 = 2*u, 3*u - 65 = -5*a - u. Let t(y) = 23*y**2 - 3*y + 5. Let m be t(2). Calculate the greatest common factor of a and m.
13
Let r = -388 - -733. What is the highest common factor of r and 45?
15
Let x be ((-12)/42)/(4/28). Let g be 52/9 + x/(-9). Calculate the highest common factor of g and 30.
6
Suppose 4*y - 20 = 0, r = y + 299 - 80. Let h be ((-6)/(-15)*-8)/((-12)/120). What is the greatest common divisor of h and r?
32
Let n(f) = 7*f + 3. Suppose 6*j = j + 45. Let y be n(j). Calculate the greatest common divisor of 165 and y.
33
Let w(s) = -2*s**2 - s - 20. Let f(t) = t - 1. Let v(i) = 5*f(i) - w(i). Let p be v(-6). What is the greatest common divisor of 17 and p?
17
Let a be ((-79)/11 - 34/(-187)) + 44. What is the greatest common factor of a and 5?
1
Suppose -2*c - 825 = -5*c. Let y = -120 + c. Calculate the greatest common divisor of y and 31.
31
Let x = 2042 - 2010. Calculate the highest common factor of x and 376.
8
Suppose 0 = -f + 9 + 1. Let d be -8*(-15)/f + -3. What is the greatest common divisor of 63 and d?
9
Suppose -5*k - 5*p - 1 = -6, 2*k - 3*p = 22. Let g be 0 + 17 - (2 - 3). Let d = g - k. Calculate the highest common divisor of 52 and d.
13
Let z(q) = 11*q + 33. Let t be z(5). What is the highest common divisor of 33 and t?
11
Let h(d) = -31*d + 4. Let g be h(-8). Suppose 5*l = 8*l - g. Calculate the highest common divisor of l and 12.
12
Let q(y) = -y**2 - 10*y - 5. Let x be q(-4). Let u = 27 - x. What is the highest common factor of 2 and u?
2
Let b = 23 + -11. Suppose -5*q + 110 = 4*s, 158 = 5*s + 3*q - 7*q. What is the greatest common factor of s and b?
6
Let l(z) = -94*z - 246. Let t be l(-5). Calculate the greatest common divisor of t and 84.
28
Let w = 75 - 40. Suppos